3
In base 3, what is 10 + 20211?
20221
In base 8, what is -20770 - 3?
-20773
In base 8, what is 0 + -74?
-74
In base 5, what is -4 - -11?
2
In base 5, what is -113321 - 10?
-113331
In base 13, what is 108 + -2?
106
In base 9, what is -14 + 12?
-2
In base 11, what is -1a12 + -4?
-1a16
In base 12, what is -4 - -34?
30
In base 16, what is -8a + -42?
-cc
In base 6, what is 14 + -42?
-24
In base 13, what is -15 + 1?
-14
In base 6, what is 1315 + 2?
1321
In base 5, what is -413 - 30?
-443
In base 5, what is -444 - -2?
-442
In base 13, what is -55 - -1b?
-37
In base 11, what is -3 + 10a?
107
In base 15, what is -5e + 4?
-5a
In base 9, what is 460 + 21?
481
In base 16, what is 1 + -23c?
-23b
In base 3, what is -2211202 - 2?
-2211211
In base 4, what is -2 - 232?
-300
In base 3, what is 122 - -212?
1111
In base 7, what is 0 - 10?
-10
In base 8, what is 2 + 0?
2
In base 12, what is -3a1 + -4?
-3a5
In base 5, what is -13302 - 4?
-13311
In base 13, what is -1 + 92b?
92a
In base 5, what is -11 - -104?
43
In base 15, what is -4 + 4b?
47
In base 13, what is -21 + b9?
98
In base 10, what is -15 + -3?
-18
In base 5, what is -10 - 1?
-11
In base 14, what is 93a + 3?
93d
In base 4, what is -10 - 3102?
-3112
In base 13, what is 0 + 3ba?
3ba
In base 10, what is -71 - 58?
-129
In base 13, what is 3 - 2a?
-27
In base 8, what is 0 - 54?
-54
In base 7, what is 2 + -433?
-431
In base 9, what is 35 + -148?
-113
In base 11, what is 108 - 11?
a7
In base 16, what is 3 - -8c?
8f
In base 12, what is 20 - 13?
9
In base 16, what is -6f - -5?
-6a
In base 16, what is -176 + 9?
-16d
In base 10, what is -4 + -57?
-61
In base 16, what is -3a2 + -11?
-3b3
In base 16, what is 0 + 18?
18
In base 7, what is 20 + -35?
-15
In base 3, what is 12 - -211?
1000
In base 16, what is -5 + 17?
12
In base 8, what is 662 + -1?
661
In base 13, what is 6152 - 3?
614c
In base 16, what is -2 + -15b?
-15d
In base 3, what is 12002110 - 2?
12002101
In base 10, what is 2 - -677?
679
In base 16, what is 11b + -13?
108
In base 12, what is -5a + -2?
-60
In base 7, what is -1404 + 6?
-1365
In base 9, what is 2617 - 1?
2616
In base 11, what is 4 + 89?
92
In base 5, what is 1 + 110?
111
In base 9, what is 25 - 203?
-167
In base 9, what is -3700 - 0?
-3700
In base 12, what is 6a - 1?
69
In base 10, what is 18 + 3?
21
In base 2, what is 1110000110 + -101?
1110000001
In base 15, what is -18b - -8?
-183
In base 8, what is 204 - -4?
210
In base 4, what is -10 + -301?
-311
In base 2, what is 1011 - -1110111?
10000010
In base 4, what is -111031 + 0?
-111031
In base 10, what is 6 - -1087?
1093
In base 11, what is -5 - 16?
-20
In base 12, what is -3 + 45?
42
In base 14, what is 2ba + 8?
2c4
In base 15, what is -3 + -1b?
-1e
In base 9, what is -5 + 22?
16
In base 8, what is 4 + -11?
-5
In base 5, what is 11312 - -100?
11412
In base 6, what is -45 + 2210?
2121
In base 3, what is 12 + -22202120?
-22202101
In base 11, what is -17 - -362?
346
In base 9, what is -78 + 2?
-76
In base 13, what is -ca - 4?
-101
In base 14, what is 138 + 10?
148
In base 3, what is -102000102 + 10?
-102000022
In base 11, what is -2 + a8?
a6
In base 15, what is -1 + -244?
-245
In base 10, what is -2 - -737?
735
In base 15, what is -1 + 41?
40
In base 3, what is -22 - -110100?
110001
In base 15, what is -2b2 - 5?
-2b7
In base 11, what is -5 + -45?
-4a
In base 8, what is 355 - 3?
352
In base 2, what is 100 + 1010000110?
1010001010
In base 15, what is -7 - 1b4?
-1bb
In base 16, what is -17 - -14?
-3
In base 6, what is -350 + -1?
-351
In base 13, what is 70 - b0?
-40
In base 11, what is -24 - -6?
-19
In base 14, what is -2971 + -2?
-2973
In base 12, what is -3 - -660?
659
In base 15, what is 82 + 0?
82
In base 11, what is -6 - 4?
-a
In base 5, what is 4 - -3411?
3420
In base 4, what is 323302 - -10?
323312
In base 12, what is 17 - 99?
-82
In base 15, what is 0 + 75?
75
In base 9, what is -2 + 175?
173
In base 9, what is 11 - -211?
222
In base 12, what is -5 - -60?
57
In base 16, what is 5 + 41?
46
In base 13, what is 5 - 16c?
-167
In base 10, what is -585 + 2?
-583
In base 3, what is 11022 - 1022?
10000
In base 11, what is 2032 - -3?
2035
In base 11, what is -91 + -3?
-94
In base 6, what is 3250 - 5?
3241
In base 3, what is -12 - -110111?
110022
In base 4, what is 1 - -1332?
1333
In base 4, what is 203 - -1?
210
In base 15, what is 5d + 2?
60
In base 10, what is 0 - -823?
823
In base 8, what is 21440 - -4?
21444
In base 8, what is 571 - -5?
576
In base 4, what is 0 - -3120?
3120
In base 13, what is -4 - -195b?
1957
In base 11, what is 104 + 30?
134
In base 12, what is 500 + 2?
502
In base 5, what is -2 - 43112?
-43114
In base 14, what is 2 - -26a?
26c
In base 2, what is -10 + 11101001101?
11101001011
In base 7, what is -4 - -242?
235
In base 8, what is 227 - 131?
76
In base 4, what is 1021 - -320?
2001
In base 14, what is -8 + -12?
-1a
In base 16, what is b - 3?
8
In base 7, what is -110 - 31?
-141
In base 9, what is 82 + 14?
106
In base 12, what is 9 - 46?
-39
In base 11, what is 2 - -986?
988
In base 6, what is 443020 + 4?
443024
In base 11, what is -3 - -2?
-1
In base 16, what is 4 + 4f?
53
In base 3, what is 100120 + 20?
100210
In base 8, what is -356 - 5?
-363
In base 4, what is -1212 - -2?
-1210
In base 12, what is 4 - -56?
5a
In base 9, what is -8 - 335?
-344
In base 7, what is -32 - 6?
-41
In base 4, what is -21233 + -112?
-22011
In base 12, what is -2 + 39?
37
In base 16, what is 22a9 + -2?
22a7
In base 5, what is -13 - 30?
-43
In base 16, what is 5 + -2d1?
-2cc
In base 10, what is -4 + 404?
400
In base 3, what is -110022221 + 2?
-110022212
In base 13, what is 52c - -3?
532
In base 3, what is 112 - -12?
201
In base 10, what is 10 + -93?
-83
In base 10, what is -49 + -7?
-56
In base 7, what is 353 + -3?
350
In base 13, what is -7 - -9b?
94
In base 2, what is -100 - 10110000111?
-10110001011
In base 15, what is -48c8 + 2?
-48c6
In base 9, what is 27 + 5?
33
In base 7, what is -34 - -5?
-26
In base 8, what is 6 - 1030?
-1022
In base 14, what is 10 - 36?
-26
In base 11, what is -4 - -36?
32
In base 6, what is 433 - 5?
424
In base 13, what is 2149 + -5?
2144
In base 6, what is 12 + 2?
14
In base 9, what is 58 + -8?
50
In base 13, what is 1 - -32?
33
In base 8, what is 6 + -73?
-65
In base 3, what is -1 - 201100?
-201101
In base 4, what is -332 - 11?
-1003
In base 11, what is -4 - 78?
-81
In base 13, what is 4 - -1081?
1085
In base 10, what is 13038 + -1?
13037
In base 6, what is 142 + -20?
122
In base 9, what is 0 + 2?
2
In base 3, what is -1 + 1012?
1011
In base 3, what is 211 - -1012?
2000
In base 9, what is 5 - -22?
27
In base 14, what is 42 - 1ba?
-178
In base 11, what is -43 + -3?
-46
In base 5, what is -20220 - -1?
-20214
In base 7, what is 2 - -33?
35
In base 8, what is 54 + 16?
72
In base 15, what is -55 - 4?
-59
In base 14, what is -182 + -4?
-186
In base 9, what is -13764 - -4?
-13760
In base 16, what is 16 + 1e?
34
In base 10, what is 54 - 0?
54
In base 8, what is -1 - 26?
-27
In base 8, what is -4 - 3?
-7
In base 2, what is 100 + 101010000001?
101010000101
In base 7, what is -2 + 1465?
1463
In base 15, what is 5 + -39?
-34
In base 11, what is -4014 + -4?
-4018
In base 4, what is 3 + -13220?
-13211
In base 6, what is -342 - 0?
-342
In base 7, what is -1012 - 2?
-1014
In base 16, what is -6 + b6?
b0
In base 6, what is 11401 - 0?
11401
In base 7, what is -40 - 5?
-45
In base 9, what is 4 + 2?
6
In base 16, what is 2151 - 0?
2151
In base 10, what is -23 + 0?
-23
In base 13, what is 88 + 1?
89
In base 12, what is -15b + 61?
-ba
In base 4, what is 200 + 123?
323
In base 14, what is 165 - -2c?
193
In base 5, what is -30404 + -2?
-30411
In base 8, what is -3253 + 4?
-3247
In base 15, what is -a16 + -4?
-a1a
In base 10, what is 2 - -610?
612
In base 3, what is 2020100 - 0?
2020100
In base 8, what is 4 - 772?
-766
In base 11, what is -279 + -5?
-283
In base 6, what is 51 - 1151?
-1100
In base 9, what is 18 - 8?
10
In base 8, what is -12 + -115?
-127
In base 2, what is 100001111001 + -1100?
100001101101
In base 5, what is -24 + -140?
-214
In base 15, what is -7 - -28?
21
In base 16, what is -816 - 3?
-819
In base 6, what is -11 - -345?
334
In base 16, what is d9 - e?
cb
In base 11, what is 1 - 5a5?
-5a4
In base 14, what is 7 - -201?
208
In bas